16*k + u = -205. Calculate the highest common divisor of k and 10.
10
Let c = 158 - 68. Let r = -68 + 62. Let a be r/9 - 1274/(-21). What is the highest common factor of a and c?
30
Let d = 1084 - 527. Let a(f) = 56*f**2 + 4*f + 8. Let j be a(-2). Let o = d - j. Calculate the highest common factor of 37 and o.
37
Let q(d) = -40*d**3 + 7*d - 69 - 3*d**2 + 43*d**3 - 2*d**3. Let z be q(5). Let o be (6 + -2)*1*5. What is the greatest common factor of z and o?
4
Suppose -73*v - 71484 + 433856 = 0. Calculate the highest common factor of v and 204.
68
Let y = 401 - 396. Suppose 0 = 3*q - 3*o, -5*q + y*o - 20 = -10*q. What is the highest common factor of q and 88?
2
Let z(x) = -3*x - 5*x - x**2 - 6*x + 13. Suppose 19*t - 23 = -188 - 63. Let q be z(t). Calculate the highest common factor of q and 185.
37
Suppose 3*b - 17*o = -18*o + 375, -4*b = 2*o - 498. Let v(t) = -4*t**3 + t**2 - t - 2. Let i be v(-2). Calculate the highest common divisor of i and b.
18
Let z(u) = u**3 + u**2 - 7*u - 1. Let a(l) = l**2 - 2*l - 32. Let d be a(7). Let i be z(d). What is the greatest common factor of i and 70?
14
Let t = -2705 - -3465. What is the highest common divisor of 4 and t?
4
Let n = -422 - -750. Let a = n - 322. What is the greatest common factor of 16 and a?
2
Let g(u) = 21*u - 125. Suppose -8*c + 20*c = 84. Let m be g(c). What is the highest common divisor of m and 506?
22
Suppose -z + 3*a + 110 = 84, -4*a + 4 = 0. What is the highest common divisor of z and 21141?
29
Let y be 96*-1*(-3)/3. Suppose -33*j + 36*j = 3*m + 12, 3*m = 2*j. Calculate the highest common factor of y and j.
12
Let c be (-260)/(-14) + (-72)/126. Suppose -c*f = -439 - 191. Calculate the highest common divisor of 7 and f.
7
Let f = -325049 - -325066. Let m(u) = 16*u**2 - 2*u - 1. Let n be m(-1). What is the highest common divisor of f and n?
17
Let z = -2 + 21. Suppose 2*f - f - 5*t = z, -4*f + 3*t = -25. Suppose -f*h = c - 58, 2*c - h + 163 = 5*c. What is the greatest common divisor of 6 and c?
6
Suppose -54*q = -4121 - 21151. Let t be (15/(-15))/((-471)/q + 1). Calculate the highest common divisor of t and 24.
12
Let d be 30/40 + 1102/(-8). Let o = -29 - d. Calculate the greatest common divisor of o and 72.
36
Let y = 1421 - 121. Suppose 74*b - y = 54*b. Calculate the greatest common divisor of b and 5.
5
Let f be 1/(-2)*(-41 + 31). Suppose 0 = 4*a + 4*i - 448, -431 - 17 = -4*a + f*i. Calculate the highest common divisor of a and 70.
14
Let a(f) = f**3 - 3*f**2 - 2*f + 1. Suppose -5*h + 26 = 116. Let r = 22 + h. Let p be a(r). Calculate the greatest common factor of 9 and p.
9
Suppose -4*n = 4*r - 27064, -3*n + 1188*r - 1183*r + 20354 = 0. Calculate the greatest common divisor of 104 and n.
13
Let s(m) be the first derivative of -2*m**3/3 + 51*m**2 - 68*m + 44. Let n be s(50). What is the greatest common divisor of 1 and n?
1
Let m(r) = 238*r - 7867. Let h be m(34). Let c = -84 - -134. Calculate the highest common divisor of c and h.
25
Let k be (-1)/(-4) - (-41)/(-4). Let j be ((-12)/k)/((-4)/(-20)). Let y = -13624 + 13630. What is the greatest common divisor of y and j?
6
Let q be (-3)/(-8) - 231/(-24). Let j(c) = 5*c**2 + c. Let x be j(5). What is the highest common factor of x and q?
10
Let u = -118 + 293. Let g = -150 + u. What is the greatest common divisor of g and 375?
25
Let c(v) = -v**3 - 10*v**2 + 35*v + 256. Let k be c(-12). What is the highest common factor of 3100 and k?
124
Suppose -3*d = -42*p + 38*p + 88, -32 = p + 6*d. What is the highest common divisor of 3112 and p?
8
Let b = 14 - 10. Suppose -b*n + 8 = -12. Suppose n*f + c = 319 - 64, 2*c + 190 = 4*f. What is the highest common factor of 10 and f?
10
Let z(p) = -9*p + 0*p**2 + 27 - 23 - 4*p**2. Let a be z(-3). Let j be (a/(-10))/(5/220). Calculate the greatest common factor of 99 and j.
11
Let b(s) = s**3 + 8*s**2 + 4*s - 5. Let g be b(-6). Let t = g - -21. Let u be ((-48)/t)/((-2)/24). Calculate the greatest common divisor of 81 and u.
9
Let l(w) = w**3 + w**2 + w - 1. Let b(m) = 47*m**3 - 2*m**2 - m + 9. Let s(o) = b(o) + 4*l(o). Let a be s(2). What is the highest common divisor of a and 122?
61
Let q = 8444 + -3674. Calculate the highest common divisor of 72 and q.
18
Suppose 3*s + 61 - 427 = -3*t, -s + 130 = -3*t. Suppose 0 = -p - 2*p + 279. Calculate the greatest common divisor of s and p.
31
Let n(b) = -9*b**2 + 9*b**2 + 3 - 4*b + 9*b**3. Let z be n(1). Suppose 24*p - 26*p = -4. What is the greatest common divisor of p and z?
2
Let j be 1 + (164 - 2/2). Let u(i) = -24*i**2 + 1601*i + 592. Let b be u(67). Calculate the greatest common factor of b and j.
41
Let l(n) = 7*n**2 - 126*n - 369. Let p be l(22). Calculate the greatest common factor of p and 2509.
13
Suppose 37 = 5*f - 13. Let u be 2/(-10) - (-63)/15. Suppose u*a - 17 - 63 = 0. Calculate the greatest common factor of f and a.
10
Let h = -37 - -81. Let y = -421 - -498. What is the highest common factor of y and h?
11
Suppose 7 = -11*z + 18. Let n be z + -3 + 1 - 126/(-1). What is the greatest common divisor of 25 and n?
25
Let f = 1943 + -982. What is the highest common factor of f and 62?
31
Let z = 31659 + -28792. What is the highest common divisor of 305 and z?
61
Suppose -76 = 5*t + 2*w, 3*t + 16 + 22 = -5*w. Let x be 3 + (t/(-6) - (-2)/6). Suppose -g = -x*g + 150. What is the highest common factor of g and 15?
15
Let p(g) = -10*g + 24 + 366 + 16*g + 8*g + 11*g. Let s be p(-15). What is the highest common divisor of s and 20?
5
Let h(k) = k**2 + 2289*k - 16060. Let g be h(7). Suppose -5*n - 4*l + 4 = -3*n, -24 = -3*n + 3*l. Calculate the greatest common factor of g and n.
6
Let c(r) = -r**2 + 9*r + 4. Let s be c(9). Suppose -12 = -s*z - h + 47, -5*h = -3*z + 73. Calculate the highest common factor of 56 and z.
8
Suppose 53*w - 41 = -3*k + 57*w, 5*k - 4*w = 63. What is the greatest common factor of k and 10681?
11
Suppose 7219 = 4*w - v, -5*w + 9029 = 111*v - 113*v. What is the highest common factor of w and 9?
3
Suppose -18*b = -13*b - 40. Suppose -2*y = -5*m + 50, -1 = -m - 3*y - b. Calculate the greatest common divisor of 44 and m.
4
Let q = -88 - -195. Let m = 109 - q. Suppose -4*a - 273 = m*d - 935, d - 316 = -5*a. Calculate the greatest common factor of 31 and d.
31
Let t(w) be the second derivative of -181*w**3/3 - 10*w**2 - 7*w. Let s be t(-1). Calculate the highest common divisor of 19 and s.
19
Suppose -47*g + 30690 = -16*g. What is the greatest common divisor of 440 and g?
110
Let p(v) = -v**3 + 20*v**2 - 12*v - 59. Let r be p(19). What is the greatest common divisor of 1591 and r?
37
Let p be (48/(-14))/(1188/(-231) + (-5)/(-1)). Suppose 58 = 3*r - 38. Calculate the greatest common divisor of r and p.
8
Let r be 470/35 - -3 - 44/(-77). Calculate the greatest common factor of 833 and r.
17
Let y(x) = x**2 - 5*x + 1. Let k be y(5). Let m(u) = 16*u**3 - 48*u**2 + 4. Let s be m(3). Calculate the greatest common factor of s and k.
1
Let z = 4791 + -4713. Calculate the greatest common factor of 7410 and z.
78
Suppose -54106 = -42*m + 39974. What is the highest common factor of 420 and m?
140
Let o(r) = -255*r + 1124. Let b be o(4). Calculate the highest common divisor of b and 160.
8
Let b be 106/3 + 266/(-114). Let u be -44*(-8 + b/6). Let m be (-2)/(-6) - (-29)/3. Calculate the highest common divisor of u and m.
10
Suppose 27*s + 226*s + 135*s - 649900 = 0. Calculate the highest common divisor of s and 825.
25
Suppose 4*d + 0*d - 12 = 0. Let s be (-7 - d) + (4 - 5). Let y = 6 - s. What is the highest common divisor of y and 119?
17
Let x be 9/(-8)*-2*(3 - -21). Let y = x + 126. What is the greatest common divisor of 18 and y?
18
Let d = 118 - 68. Let v(n) = 4*n**2 + 31*n - 41. Let c be v(-9). What is the greatest common factor of c and d?
2
Suppose 16*l = 17*l - 54. Let b be -24*((-35)/20 + -1). Suppose 3*x - 5*f = b, f = 3*x + 5*f - 93. What is the greatest common divisor of x and l?
27
Let o(b) = 10*b - 5. Let p be o(5). Let v = -1689 - -1794. What is the highest common factor of p and v?
15
Let q be 2 + 36*1 - (0 + -1). Suppose 37*g = q*g - 66. Suppose 4*b = g + 35. What is the greatest common divisor of b and 34?
17
Let p be (-33)/4*6992/(-228). Calculate the highest common divisor of 33 and p.
11
Let q(o) = -6*o + 26. Let f be q(6).